e 1308829 + 714017 = 42*d. Is d a composite number?
False
Suppose -563326 = -3*x - 5*c, 997*c = -4*x + 1000*c + 751169. Is x prime?
True
Let m(l) = -158093*l - 324. Is m(-1) a prime number?
True
Let o(g) = -2*g**3 + 4*g**2 + 4*g + 3. Let r be o(-2). Let h = r - 121. Let l = 929 + h. Is l prime?
False
Let p(r) = 2*r**2 - 5*r - 4. Let d be p(6). Suppose 34*y - d*y = -7092. Suppose -y = -2*z + f, -z = -2*z - 3*f + 904. Is z a composite number?
True
Suppose 153*x - 166*x - 58552 = 0. Is (x/3 + -1)*-3 composite?
False
Let y = 7401 - -26426. Is y a prime number?
True
Suppose 334*x = 317*x + 1445153. Is x a composite number?
False
Suppose 9*v - 4*l - 5415674 = 7*v, 2*v + 3*l - 5415737 = 0. Is v prime?
False
Suppose 3*n + 4*d - 8*d - 22140 = 0, 22140 = 3*n + 2*d. Suppose -12038 - n = -7*k. Suppose 300 = 2*c - k. Is c composite?
True
Let u be -1 + -2 + 1/(-1). Let l be 4111/2*(4 - -2). Is u/14 - l/(-21) composite?
False
Let h(f) = 5*f - 15*f**2 - 63*f**3 - 11 + 35*f**3 + 29*f**3. Let x be h(19). Suppose -11*q + 7*q = -x. Is q a prime number?
False
Let c(y) = y**3 + 7*y**2 + 4*y - 9. Let l be 24/30*(-30)/4. Let h be c(l). Suppose 1905 = k - t, -h*t - 1691 = -4*k + 5931. Is k a prime number?
True
Suppose -106*h + 166*h = 6771540. Is h prime?
True
Suppose 5*p = -10, b + p - 293 + 103 = 0. Let y = b - 25. Let l = y - -1416. Is l a composite number?
False
Let z(d) = 827*d**2 + 23*d - 13. Is z(-7) prime?
False
Suppose 0 = 9*c - 12*c + 2668257. Suppose 49*x - 661088 = c. Is x a prime number?
True
Let f be (678 - (-9)/3) + 1. Let x = f - 373. Suppose -g - x = -2*g. Is g prime?
False
Let u(a) = -2786*a**3 + 7*a**2 + 14*a + 4. Let i be u(-2). Let k = -15679 + i. Is k a prime number?
False
Suppose -38*a + 28*a + 21030 = 0. Suppose -k + 218 = -a. Is k composite?
True
Suppose d = -4*z - 12, 2*z + 3*d - 1 = -7. Let c(n) = 63*n**2 + 3*n - 5. Is c(z) prime?
False
Suppose -5*i = -3*s - 13 - 42, -3*i = -5*s - 49. Is 31256/6 + (1 - i/6) prime?
True
Is (-3 + 2)*(-1 + -2 - -2)*1399 a composite number?
False
Let w = 14 + -11. Suppose -w*n + h + 1710 = -2*n, 5*n - 8532 = -h. Let d = -918 + n. Is d prime?
False
Suppose 6*z = 3 + 33. Suppose 0 = 20*d - z*d - 42266. Is d a prime number?
True
Let v = 247 - 245. Suppose -2*q + 10062 = 4*a, -4*q + 6*q + v*a = 10070. Is q a prime number?
True
Let b(v) be the third derivative of v**5/20 + 11*v**4/24 + v**3/6 + 41*v**2. Is b(-10) a prime number?
True
Is (5*(-19952836)/40)/(1 - 12/8) composite?
False
Let h(q) = -55*q + 17. Let c be h(2). Let i be (1 + 0)*(0 + 412). Let a = c + i. Is a prime?
False
Suppose -o - 165*d + 84508 = -160*d, 0 = -5*o + 2*d + 422729. Is o prime?
False
Let w = -421814 - -1261891. Is w a composite number?
True
Let g(x) = -x**3 - 38*x**2 + 43*x + 163. Let v be g(-39). Let l(t) = 95*t**2 + 5*t + 31. Is l(v) a prime number?
True
Suppose 5*u = -4*j + 608277, 4*u + 11*j - 486651 = 12*j. Is u a composite number?
False
Let d(k) = -5*k + 14*k**2 - k**3 - 6*k**2 + 0*k**2 + 22. Let i be d(6). Suppose -63*u - 1109 = -i*u. Is u a prime number?
True
Suppose 0 = 5*w - 4*r - 719, w - 2*r + 3*r = 151. Let j = w - 151. Is (-130572)/(-132) - j/(-22) a composite number?
True
Suppose -144*a + 95960496 = 102*a - 87425370. Is a a prime number?
True
Let y be (1/2)/(8/208). Let a(k) = y + 21*k + k - 25*k**2 + 140*k**3 - 141*k**3. Is a(-27) a prime number?
True
Let a(j) = j**3 + 4*j**2 + 7*j + 3. Let k be a(-2). Is k + 9 - 9880/(-5) composite?
True
Let f(a) = 47848*a**2 + 32*a - 57. Is f(2) prime?
False
Suppose 2*b + 695 = -5*y, -b = 3*b - 20. Let z = y - -279. Is (z/21)/(6/21) a composite number?
False
Let d(k) be the first derivative of 5/3*k**3 - 9*k - 25 - 7*k**2. Is d(-4) a prime number?
True
Is (-2215014)/8*-22*68/1122 prime?
True
Let j(u) = 6 - 8 + 21*u + 9 + 4 - 2*u**2. Let p be j(11). Suppose 4*l + 69 - 281 = p. Is l a prime number?
True
Let u be (-1)/(-5) - (-2 - 72/40). Is ((-26)/(-4))/((-942)/236 + u) prime?
False
Let y(r) = 111*r**2 + 26*r + 68. Suppose -10*t = -6*t - 52. Is y(t) a prime number?
False
Let h = 54989 + -36337. Is ((-1050)/(-100))/(6/h) prime?
False
Suppose 0 = -15*x + 372067 + 499118. Is x prime?
False
Let v(n) = 1164*n**2 - 65*n - 17. Is v(4) prime?
False
Is ((46333 + -5)/8)/(-5)*-35 composite?
True
Let b = 188412 + -83435. Is b composite?
True
Let i = -2 + -6. Let b(d) = -14*d**3 - 51*d**2 - 3*d - 12. Let g(z) = 12*z**3 + 43*z**2 + 3*z + 13. Let s(p) = -4*b(p) - 5*g(p). Is s(i) prime?
False
Let r(p) = -p**3 + 10*p**2 + 8*p + 7. Let n be r(10). Suppose -102*z + n*z = -62715. Is z composite?
True
Let i = -1904191 - -3159074. Is i a composite number?
True
Suppose 14*i - 1726657 - 2841781 = 0. Is i a prime number?
False
Suppose 39 = 6*w - 33. Suppose 0 = -4*n + 4*m + 264, 16*n - w*n - 5*m = 261. Is n a composite number?
True
Suppose 0 = 7*m + 17 + 11. Is 24595/45 - m/9 a composite number?
False
Suppose 3*p + 14 = -5*w, -2*p + w = 3*w + 4. Suppose -p*o = -b - 3035, -2*o - b - 1518 = -3*o. Is o a prime number?
False
Let t(a) = 3 - 6 - 5 - 2*a + 4*a. Let v be t(8). Is -1438*v/(-6)*63/56 a prime number?
False
Let q = -1 - -6. Let c(w) = 54*w**2 + 18*w - 30. Let s be c(5). Suppose 0 = 4*l - q*n - s, n + 0*n + 1418 = 4*l. Is l prime?
False
Suppose 4*v - 3808073 - 2581092 = 3*m, 0 = 4*v + m - 6389153. Is v composite?
False
Let b(i) = i**2 + 24*i + 27. Let d be b(-23). Let v be d/15*-3*-23610. Is (v/24)/((-2)/(-2)) composite?
False
Let d(l) = 20*l - 9. Let s(q) = -21*q + 9. Let z(i) = -5*d(i) - 4*s(i). Let o be z(-17). Suppose 5*g - 1330 = 5*m, 2*m + 0*m - o = -g. Is g prime?
True
Let t(a) = -37*a**3 - 11*a - 8. Let k(o) = -o**3 - o**2 + 1. Let b(m) = 3*k(m) + t(m). Is b(-4) a composite number?
False
Suppose -4*z = -13*z - 36. Is 2770/z*((-28)/(-35) + -2) composite?
True
Let g(o) = 2*o**2 - 4*o - 1. Let m be g(3). Suppose -m*u + 1202 = -x, 4*u - 942 = -5*x + 8. Suppose 2*n - 4*i = u, 3*n + 4*i = -n + 468. Is n prime?
False
Suppose 12*q = 5*k + 7*q - 102005, 3*k + 2*q - 61223 = 0. Suppose x = 4*w + k, -13152 = -x - 4*w + 7261. Is x prime?
False
Suppose -a - 208 = -2*d + a, 0 = -2*a + 8. Let o = d + -106. Suppose u - o*y + 985 = 4*u, y = -5*u + 1651. Is u composite?
False
Let c(w) = w + 16. Let q be c(-14). Suppose -h = -0*m - m + 5, 4*m = q*h + 16. Suppose -m*l + 3760 = 5*x, -3*x - 2 = -x. Is l composite?
True
Suppose -1852737 - 631031 = 17*j - 73*j. Is j prime?
False
Suppose 1170170 = -2043*w + 2053*w. Is w a prime number?
True
Is (-45)/10*2 - -1177996 a prime number?
True
Let m be (-10)/(-75) + (-740)/(-75). Let p(k) = 23*k**2 - 11*k - 7. Is p(m) a composite number?
True
Let w be (32 - (-1 - -3) - 2)/2. Let k(l) = 2*l**3 + l**2 + 2*l + 11. Let v be k(8). Let p = v - w. Is p a composite number?
True
Let v = 15 + -15. Suppose -2*x = 3*u - 302, v*u + 4*x - 196 = -2*u. Let b = 169 - u. Is b a composite number?
False
Let t(q) = -1307*q**3 + 3*q**2 - q - 6. Let i be t(-2). Suppose -3804 = -12*v + i. Is v a prime number?
False
Let a = 1647 + -804. Suppose o - 3*w = -a + 12495, o - w = 11662. Is o prime?
False
Let u = -124831 - -411198. Is u a composite number?
False
Let v(u) = -u + 2. Let j be v(-8). Let y(t) = -7*t + j*t**2 + 13*t**2 + 32 - 4*t**2. Is y(7) composite?
True
Let c(g) = -36*g + 1. Let t(v) = 106*v - 3. Let s(k) = 7*c(k) + 2*t(k). Is s(-3) a composite number?
True
Suppose -1763701 + 82143 = -86*l. Is l composite?
False
Let f be 6/(5 - 2) + 2. Suppose -3*t - 10 + f = 0, 0 = -3*s - t + 4. Suppose 3179 = 5*r + s*j + 2*j, r - 2*j - 633 = 0. Is r a composite number?
True
Suppose 2*d - d = -3*l - 25085, 0 = -3*d - 3*l - 75267. Let y = d - -37924. Is y composite?
True
Suppose -19*l + 39 = -37. Is ((-18)/l - -5)/(1/2598) a composite number?
True
Suppose -35*s + 192 = -39*s. Let z = s - -660. Suppose -4*n - 4*t + z = 0, -n + 5*t + 177 = -0*n. Is n composite?
False
Let u be (14/(-8))/((-1)/(4 + 2248)). Let c = 1932 + u. Is c composite?
True
Let y(d) = 82181*d**2 + 256*d + 5. Is y(-2) a prime number?
False
Let z = -70640 + 215359. Is z prime?
True
Let i = 1107688 + -735425. Is i a prime number?
True
Suppose -3*x + 9856 = -z, 0*z - 9858 = -3*x + 3*z. Let s = x + 3184. Is s composite?
False
Let v(l) = 10*l - 20*l - 18 - 52*l**2 + 8*l**2 - 5*l. Let h be v(-11). Let o = -3442 - h. Is o prime?
False
Suppose -14*m - 628893 